24. Suppose 9*p - b*p = r. Is p composite?
False
Let a = -1544 - -3997. Is a prime?
False
Suppose -4*o + x = -2233, -o + 153 = 4*x - 384. Is o a prime number?
True
Let b(r) = 14*r**2 + 3*r + 1. Is b(-2) a prime number?
False
Let i be (22/(-8))/(-1)*4. Let c = 15 - i. Suppose 18 = c*b - 106. Is b a prime number?
True
Suppose 5*v - 2*v = 0. Suppose -20 = w - v*w. Let a = 125 - w. Is a prime?
False
Let u be (68/(-5))/((-1)/20). Let i = -123 + u. Is i composite?
False
Is (1801 - -2 - 2)/(1 - 0) composite?
False
Suppose 3*p = -5*l + 181, l + 22 = 3*p - 183. Is p a prime number?
True
Is ((-1)/3)/((-10)/3870) composite?
True
Suppose 2*f + 40 = -b, 0 = f - 2*b + b + 26. Let c = 16 + f. Let u = 29 - c. Is u composite?
True
Suppose -5 - 7 = -2*a. Suppose -4*m = -a*m + 14. Suppose -5*i + m*i - 102 = 0. Is i prime?
False
Let z(t) = t**3 - 3*t**2 - 3*t + 18. Is z(11) a prime number?
True
Let s(q) = 2*q**2 + 9*q - 11. Let o be s(-10). Let d = -52 + o. Is d composite?
False
Let w(f) = -f**2 + 10*f - 6. Let l be w(10). Let h(o) = -61*o + 5. Is h(l) a prime number?
False
Let p(u) be the second derivative of 3*u**3/2 - 5*u**2/2 + 3*u. Is p(4) prime?
True
Suppose 5*b - 976 - 4239 = 0. Is b a prime number?
False
Let i be ((-6)/(-5))/((-14)/105). Is 107 - (4 + i + 1) a prime number?
False
Let a be ((-1)/2)/((-2)/(-4)). Let z be 3 - 4 - (0 + a). Suppose z*q - q = -3. Is q a prime number?
True
Let v = -1835 + 4998. Is v prime?
True
Let l(p) = 11*p**3 + 31*p**2 + 14*p + 23. Let a(x) = -5*x**3 - 15*x**2 - 7*x - 11. Let u(h) = 13*a(h) + 6*l(h). Is u(10) composite?
True
Let v = 85 + -25. Suppose 0*t + t - v = 0. Let h = t - -35. Is h composite?
True
Let g be 0/4 + (3 - 1). Let b be 57/2*(-2)/(-1). Let w = b - g. Is w a composite number?
True
Let p = -205 - -578. Is p prime?
True
Let j(q) = 373*q - 1 + 3 - 4. Is j(1) composite?
True
Suppose 4 = p - 5*o, 3*p + o + 14 = 3*o. Let b = p + 1. Let z = b + 20. Is z composite?
True
Is (-12)/(-8)*1*22 a composite number?
True
Let p = 3208 - 2114. Is p a composite number?
True
Let m = -2 - -4. Suppose 0 = m*z + 3*j + 7, -4*z + 3*j = -3*z - 19. Is -14*(2 + (-14)/z) a prime number?
False
Let u = 492 + -293. Is u a prime number?
True
Let z be 5/((-10)/(-4))*13. Suppose 4*i + r = 20, -3*r - z = -3*i - r. Suppose i*j = 4*j + 70. Is j a prime number?
False
Let r = 393 + 2212. Is r prime?
False
Let a(n) = n**3 - 9*n**2. Let w be a(9). Let u = 1 - -1. Suppose -u*x + 102 = -w*x + 2*p, p = x - 41. Is x a composite number?
True
Suppose -5*n + 3347 = 2*g, -4*n = -4*g - 2975 + 275. Is n composite?
True
Let k(l) = 11*l + 1. Let f(y) = y - 1. Let q(g) = -2*f(g) - k(g). Is q(-4) composite?
False
Let j(a) = 3*a**3 - a**2 + a - 2. Let o be j(3). Suppose 3*r - 3*b = 162, 3*r - b + o = 243. Is r a composite number?
True
Let t be (-2 - -19)*(-2)/(-2). Let j = -9 + t. Is -10*(-38)/j*2 a prime number?
False
Is 6706*-3*1/(-6) composite?
True
Let l = 1 - 1. Let z = 63 + -18. Suppose -n - 4*n + z = l. Is n a composite number?
True
Suppose -74 = -4*l + 162. Is l a prime number?
True
Suppose -805 = -i - 2*k, -2*k + 895 + 1508 = 3*i. Is i composite?
True
Suppose -3*n = -4*x + 4858, 4*x - 4*n = n + 4862. Is x a prime number?
True
Let c(m) be the third derivative of 0 + 1/3*m**3 + 1/120*m**6 - 1/12*m**4 + 1/10*m**5 + 2*m**2 + 0*m. Is c(-5) a prime number?
True
Is 793/3 - (-16)/24 composite?
True
Let c = 154 - -59. Suppose 0 = 7*q - 6*q - c. Is q composite?
True
Is (-8)/28 + (-17042)/(-14) a composite number?
False
Suppose 3*n + 7*u - 11 = 2*u, -4 = -4*n + 4*u. Let x(f) be the second derivative of f**5/20 + f**4/12 - f**2 - 7*f. Is x(n) a composite number?
True
Let s(x) = x**2 - x + 87. Is s(0) a composite number?
True
Let l(x) = -x**3 + 4*x**2. Let i be l(4). Let z(o) = -o**2 + 66. Let s be z(i). Is s + 0 + 1 + -2 composite?
True
Let l(s) = -409*s**3 + s + 1. Let t be 1/4 - 5/4. Is l(t) a composite number?
False
Let m = 130 - 15. Is m prime?
False
Let u(s) = -19*s**3 - 3*s**2 - 3*s - 2. Is u(-3) a prime number?
False
Let l be -4*(1 + 3/(-1)). Is ((-514)/l)/(1/(-4)) composite?
False
Let v be (190/15)/(4/(-30)). Suppose -867 = 3*i - 183. Let r = v - i. Is r a composite number?
True
Let y be -1 - 0/(2/2). Suppose -c + 0*c + 3*l + 17 = 0, 0 = -5*l - 25. Is c/(-4)*(y - 11) a prime number?
False
Let j = -9282 + 21133. Is j a composite number?
True
Suppose -5*g - 3*p - 41 = 0, -2*g - 2*p - 2*p - 22 = 0. Let k(n) = n**2 - 10*n - 4. Is k(g) a composite number?
True
Let f(b) = -b**2 + 4*b + 5. Let w be f(4). Let h(s) = -2*s**3 - s**3 - 4*s**2 + 0*s**3 - w*s + 1. Is h(-4) a composite number?
False
Let c = -18 + 31. Let h = c - 5. Suppose -2*i = 2*t - 262, -h*i - t = -3*i - 639. Is i a composite number?
False
Is (-8)/36 + (-36955)/(-45) composite?
False
Let d(g) be the first derivative of 1/2*g**2 + g**4 - 3 + 0*g**3 - g. Is d(1) composite?
True
Suppose -f - 815 = -6*f. Suppose 21*i - f = 20*i. Is i a composite number?
False
Let a(t) be the third derivative of 0 + 1/4*t**4 + 0*t + 2*t**2 + 1/6*t**3. Is a(4) a composite number?
True
Let m(r) = -5*r**3 - 2*r**2 + 2*r + 2. Let l be m(-2). Let q = l - -59. Suppose -24 = f - q. Is f composite?
True
Suppose -3*z + 930 = 3*r, -1 - 2 = -r. Is z a prime number?
True
Let g(m) = -27*m - 13. Is g(-6) composite?
False
Let l(h) = 1 + 4 + 2*h + 20*h - 2. Let m be l(6). Let q = m - 82. Is q prime?
True
Let a(q) = -q**3 + 6*q**2 + 6*q + 2. Let r(g) = -g**2 - g - 1. Let c(p) = -a(p) - 6*r(p). Is c(5) a prime number?
False
Let i be (112/(-10))/((-1)/(-5)). Is -1 + 1 - -2 - i prime?
False
Let c be -5 - (1 - (2 + 0)). Let n(v) = v**3 + 3*v**2 - 6*v - 4. Let r be n(c). Suppose r*k - 151 = -3*t, k = 6*k + 25. Is t a prime number?
False
Suppose 0 = 9*m - 7*m - 898. Is m a prime number?
True
Let l be (0 - (-87)/9)*9. Let i be l/4 - 5/(-20). Suppose -4*o + 122 - i = 0. Is o composite?
True
Let r(d) = 8*d - 29. Is r(12) prime?
True
Let k = -652 - -971. Is k prime?
False
Is (-7)/(-35) + (-2742)/(-15) a composite number?
True
Let b = 440 + -223. Is b a prime number?
False
Let y = -355 - -101. Let j = 45 - y. Is j a prime number?
False
Suppose -4*h + w = 4*w - 403, -5*h = -w - 499. Suppose -26 = 2*c - h. Is c prime?
True
Let x = -22 + 9. Suppose -6*k + 11*k - 115 = 0. Let g = k + x. Is g composite?
True
Let k = -195 + 292. Is k prime?
True
Let a(x) = -5*x**2 + x. Let l be a(-1). Let h(c) be the third derivative of -c**4/8 - 5*c**3/6 - 2*c**2. Is h(l) a prime number?
True
Suppose -2*u - 2*s = -3*u + 15, -5*s = 5*u - 15. Let o(k) = k**3 - 8*k**2 + 8*k - 3. Let i be o(u). Suppose -i*a = a - 55. Is a prime?
True
Let n(r) = -4*r**3 - 4*r**2 - 11*r + 1. Is n(-3) a prime number?
False
Is (-6 + 22)*1 + -1 a composite number?
True
Suppose -4 = d - 3. Let p be -1 - 0/d - -16. Is (-4)/10 - (-171)/p a prime number?
True
Suppose 0 = -5*y - 2*s + 4745, 0*y - 3*y + 2828 = 5*s. Is y prime?
False
Let d(n) = n - 1. Let u be d(3). Is (8 + -6)*19/u a prime number?
True
Let g(i) = 6*i. Let j be g(1). Is ((-42)/4)/(j/(-12)) prime?
False
Let d be 6/9*6/2. Suppose -d*o + 25 = -169. Is o a composite number?
False
Let l(q) = 5*q + 2. Let u(n) = n + 1. Let f(j) = -l(j) + 4*u(j). Let k be f(4). Let d(i) = -24*i + 1. Is d(k) a prime number?
False
Let i = 3 + -1. Is 4212/20 - i/(-5) a prime number?
True
Let s be 7/(7/7748) + -2. Is 6/(-21) - s/(-14) a prime number?
False
Let p(m) = 3*m - 3 + 6 - m. Let l be p(-10). Let v = l + 32. Is v composite?
True
Is (-2)/(4 - 2) - (-2411 + 19) a composite number?
True
Let t be (-2 + (-5)/(-2))*142. Let v(u) = -u + 4. Let w be v(0). Suppose -h + t = -w*k, -2*k + 1 = 3. Is h prime?
True
Let v = 8 - 5. Suppose -k - 3*k = 0. Suppose k = v*x + x - 148. Is x prime?
True
Let l(m) = 15*m**2 + 2*m + 2. Let p(b) = 31*b**2 + 5*b + 4. Suppose 4*c - 2*c = -4. Let g(t) = c*p(t) + 5*l(t). Is g(3) a prime number?
False
Suppose -61 = 3*z - 352. Is z composite?
False
Suppose -5*b - 5*q = -15, -3*b - 5*q - 1 = -6. Suppose 0*s - 422 = -b*u - 4*s, 0 = u - 3*s - 92. Let a = u - 55. Is a composite?
False
Suppose 0 = -2*l + 1998 + 304. Is l composite?
False
Let y be (-245)/(-2) + (-2)/4. Suppose -4*k - j + 90 = -359, -k + 3*j + y = 0. Is k composite?
False
Let m = 8 + -3. Suppose 5*c - 534 = -4*l + m*l, 3*c - 326 = 2*l. Is c a prime number?
False
Let n(u) = -149